{"id":32485,"date":"2021-01-25T12:22:12","date_gmt":"2021-01-25T17:22:12","guid":{"rendered":"https:\/\/santacatalina.org.pe\/?page_id=32485"},"modified":"2021-12-22T14:28:05","modified_gmt":"2021-12-22T19:28:05","slug":"services","status":"publish","type":"page","link":"https:\/\/santacatalina.org.pe\/fr\/services","title":{"rendered":"Services"},"content":{"rendered":"<section><div class=\"container\"><div class=\"row\"><div class=\"wpb_column hcode-column-container sm-margin-four-bottom vc_col-sm-12 vc_col-md-6 col-xs-mobile-fullwidth\" data-front-class=\"sm-margin-four-bottom col-xs-mobile-fullwidth\"><div class=\"vc-column-innner-wrapper\"><img loading=\"lazy\" decoding=\"async\" width=\"720\" height=\"480\" src=\"https:\/\/santacatalina.org.pe\/wp-content\/uploads\/2020\/06\/nr1.jpg\" class=\"\" alt=\"\" srcset=\"https:\/\/santacatalina.org.pe\/wp-content\/uploads\/2020\/06\/nr1.jpg 720w, https:\/\/santacatalina.org.pe\/wp-content\/uploads\/2020\/06\/nr1-600x400.jpg 600w, https:\/\/santacatalina.org.pe\/wp-content\/uploads\/2020\/06\/nr1-300x200.jpg 300w, https:\/\/santacatalina.org.pe\/wp-content\/uploads\/2020\/06\/nr1-81x54.jpg 81w\" sizes=\"(max-width: 720px) 100vw, 720px\" \/><\/div><\/div><div class=\"wpb_column hcode-column-container vc_col-sm-12 vc_col-md-6 col-xs-mobile-fullwidth\" data-front-class=\"col-xs-mobile-fullwidth\"><div class=\"vc-column-innner-wrapper\"><div class=\"margin-six-all\"><p class=\"title-large text-uppercase letter-spacing-1 font-weight-600 black-text hcode-font-setting-5ed12d1bf22a2\" style=\"line-height: 71px; color: #85280f !important;\">Alquiler de Ambientes<\/p>\n<p class=\"text-med\">El Monasterio de Santa Catalina cuenta con diferentes ambientes en los cuales se realizan los mas importantes eventos en la ciudad de Arequipa, estos ambientes se adaptan perfectamente para cualquier tipo de ocasi\u00f3n.En todos los ambientes se proporciona la log\u00edstica adecuada al tipo de evento<\/p>\n<p><a class=\"inner-link button btn hcode-button-1 btn-small-black-border-light btn-medium\" href=\"https:\/\/santacatalina.org.pe\/index.php\/servicios\/alquiler-de-ambientes\/\" target=\"_self\" rel=\"noopener noreferrer\">M\u00e1s Informac\u00edon<\/a><\/p>\n<\/div><\/div><\/div><div class=\"wpb_column hcode-column-container vc_col-sm-12 vc_col-md-12 col-xs-mobile-fullwidth\" data-front-class=\"col-xs-mobile-fullwidth\"><div class=\"vc-column-innner-wrapper\"><div class=\" wide-separator-line\" style=\" background:#e5e5e5;\"><\/div><\/div><\/div><div class=\"wpb_column hcode-column-container vc_col-sm-12 vc_col-md-6 col-xs-mobile-fullwidth\" data-front-class=\"col-xs-mobile-fullwidth\"><div class=\"vc-column-innner-wrapper\"><div class=\"margin-six-top\"><p class=\"title-large text-uppercase letter-spacing-1 font-weight-600 black-text hcode-font-setting-5ed12d1bf22a2\" style=\"line-height: 71px; color: #85280f !important;\">Guiado Profesional<\/p>\n<p class=\"text-med\">El Monasterio de Santa Catalina cuenta con gu\u00edas profesionales independientes, especializadas, en los idiomas Ingl\u00e9s, Franc\u00e9s, Alem\u00e1n, Italiano, Japon\u00e9s, Portugu\u00e9s y Espa\u00f1ol. El servicio que prestan es de primer nivel y su amplia experiencia y capacitaci\u00f3n permanente har\u00e1n de visita una experiencia inolvidable.<\/p>\n<\/div><\/div><\/div><div class=\"wpb_column hcode-column-container sm-margin-four-bottom vc_col-sm-12 vc_col-md-6 col-xs-mobile-fullwidth\" data-front-class=\"sm-margin-four-bottom col-xs-mobile-fullwidth\"><div class=\"vc-column-innner-wrapper\">[vc_gallery type=\"nivo\" interval=\"3\" images=\"19060,19061,19062,19063\" img_size=\"full\" css_animation=\"fadeInDown\"]<\/div><\/div><div class=\"wpb_column hcode-column-container vc_col-sm-12 vc_col-md-12 col-xs-mobile-fullwidth\" data-front-class=\"col-xs-mobile-fullwidth\"><div class=\"vc-column-innner-wrapper\"><div class=\" wide-separator-line\" style=\" background:#e5e5e5;\"><\/div><\/div><\/div><div class=\"wpb_column hcode-column-container sm-margin-four-bottom vc_col-sm-12 vc_col-md-6 col-xs-mobile-fullwidth\" data-front-class=\"sm-margin-four-bottom col-xs-mobile-fullwidth\"><div class=\"vc-column-innner-wrapper\">[vc_gallery type=\"nivo\" interval=\"3\" images=\"65979,65982\" img_size=\"full\" css_animation=\"fadeInDown\"]<\/div><\/div><div class=\"wpb_column hcode-column-container vc_col-sm-12 vc_col-md-6 col-xs-mobile-fullwidth\" data-front-class=\"col-xs-mobile-fullwidth\"><div class=\"vc-column-innner-wrapper\"><div class=\"margin-six-top\"><p class=\"title-large text-uppercase letter-spacing-1 font-weight-600 black-text hcode-font-setting-5ed12d1bf22a2\" style=\"line-height: 71px; color: #85280f !important;\">Cafeter\u00eda<\/p>\n<p class=\"text-med\">El lugar ideal para disfrutar de una deliciosa pausa y donde podr\u00e1s encontrar postres hechos por las monjas.<\/p>\n<\/div><\/div><\/div><div class=\"wpb_column hcode-column-container vc_col-sm-12 vc_col-md-12 col-xs-mobile-fullwidth\" data-front-class=\"col-xs-mobile-fullwidth\"><div class=\"vc-column-innner-wrapper\"><div class=\" wide-separator-line\" style=\" background:#e5e5e5;\"><\/div><\/div><\/div><div class=\"wpb_column hcode-column-container sm-margin-four-bottom vc_col-sm-12 vc_col-md-6 col-xs-mobile-fullwidth\" data-front-class=\"sm-margin-four-bottom col-xs-mobile-fullwidth\"><div class=\"vc-column-innner-wrapper\"><div class=\"margin-six-top\"><p class=\"title-large text-uppercase letter-spacing-1 font-weight-600 black-text hcode-font-setting-5ed12d1bf22a2\" style=\"line-height: 71px; color: #85280f !important;\">Tienda de Souvenirs<\/p>\n<p class=\"text-med\">Ll\u00e9vate un lindo y singular recuerdo de tu visita a Santa Catalina.<\/p>\n<p class=\"text-med\">NO DISPONIBLE TEMPORALMENTE<\/p>\n<\/div><\/div><\/div><div class=\"wpb_column hcode-column-container vc_col-sm-12 vc_col-md-6 col-xs-mobile-fullwidth\" data-front-class=\"col-xs-mobile-fullwidth\"><div class=\"vc-column-innner-wrapper\">[vc_gallery type=\"nivo\" interval=\"3\" images=\"19067,19068,19069,19070\" img_size=\"full\" css_animation=\"fadeInDown\"]<\/div><\/div><div class=\"wpb_column hcode-column-container vc_col-sm-12 vc_col-md-12 col-xs-mobile-fullwidth\" data-front-class=\"col-xs-mobile-fullwidth\"><div class=\"vc-column-innner-wrapper\"><div class=\" wide-separator-line\" style=\" background:#e5e5e5;\"><\/div><\/div><\/div><div class=\"wpb_column hcode-column-container vc_col-sm-12 vc_col-md-6 col-xs-mobile-fullwidth\" data-front-class=\"col-xs-mobile-fullwidth\"><div class=\"vc-column-innner-wrapper\">[vc_gallery type=\"nivo\" interval=\"3\" images=\"19071,19072,19073,19074\" img_size=\"full\" css_animation=\"fadeInDown\"]<\/div><\/div><div class=\"wpb_column hcode-column-container sm-margin-four-bottom vc_col-sm-12 vc_col-md-6 col-xs-mobile-fullwidth\" data-front-class=\"sm-margin-four-bottom col-xs-mobile-fullwidth\"><div class=\"vc-column-innner-wrapper\"><div class=\"margin-six-top\"><p class=\"title-large text-uppercase letter-spacing-1 font-weight-600 black-text hcode-font-setting-5ed12d1bf22a2\" style=\"line-height: 71px; color: #85280f !important;\">Lockers<\/p>\n<p class=\"text-med\">Para la seguridad y comodidad de nuestros visitantes, tenemos implementados lockers a su disposici\u00f3n.<\/p>\n<\/div><\/div><\/div><div class=\"wpb_column hcode-column-container vc_col-sm-12 vc_col-md-12 col-xs-mobile-fullwidth\" data-front-class=\"col-xs-mobile-fullwidth\"><div class=\"vc-column-innner-wrapper\"><div class=\" wide-separator-line\" style=\" background:#ffffff;\"><\/div><\/div><\/div><\/div><\/div><\/section>","protected":false},"excerpt":{"rendered":"<p>Alquiler de Ambientes El Monasterio de Santa Catalina cuenta con diferentes ambientes en los cuales se realizan los mas importantes eventos en la ciudad de Arequipa, estos ambientes se adaptan perfectamente para cualquier tipo de ocasi\u00f3n.En todos los ambientes se proporciona la log\u00edstica adecuada al tipo de evento M\u00e1s Informac\u00edon Guiado Profesional El Monasterio de [&hellip;]<\/p>\n","protected":false},"author":1,"featured_media":0,"parent":0,"menu_order":0,"comment_status":"closed","ping_status":"closed","template":"","meta":{"footnotes":""},"_links":{"self":[{"href":"https:\/\/santacatalina.org.pe\/fr\/wp-json\/wp\/v2\/pages\/32485"}],"collection":[{"href":"https:\/\/santacatalina.org.pe\/fr\/wp-json\/wp\/v2\/pages"}],"about":[{"href":"https:\/\/santacatalina.org.pe\/fr\/wp-json\/wp\/v2\/types\/page"}],"author":[{"embeddable":true,"href":"https:\/\/santacatalina.org.pe\/fr\/wp-json\/wp\/v2\/users\/1"}],"replies":[{"embeddable":true,"href":"https:\/\/santacatalina.org.pe\/fr\/wp-json\/wp\/v2\/comments?post=32485"}],"version-history":[{"count":3,"href":"https:\/\/santacatalina.org.pe\/fr\/wp-json\/wp\/v2\/pages\/32485\/revisions"}],"predecessor-version":[{"id":66000,"href":"https:\/\/santacatalina.org.pe\/fr\/wp-json\/wp\/v2\/pages\/32485\/revisions\/66000"}],"wp:attachment":[{"href":"https:\/\/santacatalina.org.pe\/fr\/wp-json\/wp\/v2\/media?parent=32485"}],"curies":[{"name":"wp","href":"https:\/\/api.w.org\/{rel}","templated":true}]}}

<section><div class="container"><div class="row"><div class="wpb_column hcode-column-container sm-margin-four-bottom vc_col-sm-12 vc_col-md-6 col-xs-mobile-fullwidth" data-front-class="sm-margin-four-bottom col-xs-mobile-fullwidth"><div class="vc-column-innner-wrapper"><img loading="lazy" decoding="async" width="720" height="480" src="https://santacatalina.org.pe/wp-content/uploads/2020/06/nr1.jpg" class="" alt="" srcset="https://santacatalina.org.pe/wp-content/uploads/2020/06/nr1.jpg 720w, https://santacatalina.org.pe/wp-content/uploads/2020/06/nr1-600x400.jpg 600w, https://santacatalina.org.pe/wp-content/uploads/2020/06/nr1-300x200.jpg 300w, https://santacatalina.org.pe/wp-content/uploads/2020/06/nr1-81x54.jpg 81w" sizes="(max-width: 720px) 100vw, 720px" /></div></div><div class="wpb_column hcode-column-container vc_col-sm-12 vc_col-md-6 col-xs-mobile-fullwidth" data-front-class="col-xs-mobile-fullwidth"><div class="vc-column-innner-wrapper"><div class="margin-six-all"><p class="title-large text-uppercase letter-spacing-1 font-weight-600 black-text hcode-font-setting-5ed12d1bf22a2" style="line-height: 71px; color: #85280f !important;">Alquiler de Ambientes</p>
<p class="text-med">El Monasterio de Santa Catalina cuenta con diferentes ambientes en los cuales se realizan los mas importantes eventos en la ciudad de Arequipa, estos ambientes se adaptan perfectamente para cualquier tipo de ocasión.En todos los ambientes se proporciona la logística adecuada al tipo de evento</p>
<p><a class="inner-link button btn hcode-button-1 btn-small-black-border-light btn-medium" href="https://santacatalina.org.pe/index.php/servicios/alquiler-de-ambientes/" target="_self" rel="noopener noreferrer">Más Informacíon</a></p>
</div></div></div><div class="wpb_column hcode-column-container vc_col-sm-12 vc_col-md-12 col-xs-mobile-fullwidth" data-front-class="col-xs-mobile-fullwidth"><div class="vc-column-innner-wrapper"><div class=" wide-separator-line" style=" background:#e5e5e5;"></div></div></div><div class="wpb_column hcode-column-container vc_col-sm-12 vc_col-md-6 col-xs-mobile-fullwidth" data-front-class="col-xs-mobile-fullwidth"><div class="vc-column-innner-wrapper"><div class="margin-six-top"><p class="title-large text-uppercase letter-spacing-1 font-weight-600 black-text hcode-font-setting-5ed12d1bf22a2" style="line-height: 71px; color: #85280f !important;">Guiado Profesional</p>
<p class="text-med">El Monasterio de Santa Catalina cuenta con guías profesionales independientes, especializadas, en los idiomas Inglés, Francés, Alemán, Italiano, Japonés, Portugués y Español. El servicio que prestan es de primer nivel y su amplia experiencia y capacitación permanente harán de visita una experiencia inolvidable.</p>
</div></div></div><div class="wpb_column hcode-column-container sm-margin-four-bottom vc_col-sm-12 vc_col-md-6 col-xs-mobile-fullwidth" data-front-class="sm-margin-four-bottom col-xs-mobile-fullwidth"><div class="vc-column-innner-wrapper">[vc_gallery type="nivo" interval="3" images="19060,19061,19062,19063" img_size="full" css_animation="fadeInDown"]</div></div><div class="wpb_column hcode-column-container vc_col-sm-12 vc_col-md-12 col-xs-mobile-fullwidth" data-front-class="col-xs-mobile-fullwidth"><div class="vc-column-innner-wrapper"><div class=" wide-separator-line" style=" background:#e5e5e5;"></div></div></div><div class="wpb_column hcode-column-container sm-margin-four-bottom vc_col-sm-12 vc_col-md-6 col-xs-mobile-fullwidth" data-front-class="sm-margin-four-bottom col-xs-mobile-fullwidth"><div class="vc-column-innner-wrapper">[vc_gallery type="nivo" interval="3" images="65979,65982" img_size="full" css_animation="fadeInDown"]</div></div><div class="wpb_column hcode-column-container vc_col-sm-12 vc_col-md-6 col-xs-mobile-fullwidth" data-front-class="col-xs-mobile-fullwidth"><div class="vc-column-innner-wrapper"><div class="margin-six-top"><p class="title-large text-uppercase letter-spacing-1 font-weight-600 black-text hcode-font-setting-5ed12d1bf22a2" style="line-height: 71px; color: #85280f !important;">Cafetería</p>
<p class="text-med">El lugar ideal para disfrutar de una deliciosa pausa y donde podrás encontrar postres hechos por las monjas.</p>
</div></div></div><div class="wpb_column hcode-column-container vc_col-sm-12 vc_col-md-12 col-xs-mobile-fullwidth" data-front-class="col-xs-mobile-fullwidth"><div class="vc-column-innner-wrapper"><div class=" wide-separator-line" style=" background:#e5e5e5;"></div></div></div><div class="wpb_column hcode-column-container sm-margin-four-bottom vc_col-sm-12 vc_col-md-6 col-xs-mobile-fullwidth" data-front-class="sm-margin-four-bottom col-xs-mobile-fullwidth"><div class="vc-column-innner-wrapper"><div class="margin-six-top"><p class="title-large text-uppercase letter-spacing-1 font-weight-600 black-text hcode-font-setting-5ed12d1bf22a2" style="line-height: 71px; color: #85280f !important;">Tienda de Souvenirs</p>
<p class="text-med">Llévate un lindo y singular recuerdo de tu visita a Santa Catalina.</p>
<p class="text-med">NO DISPONIBLE TEMPORALMENTE</p>
</div></div></div><div class="wpb_column hcode-column-container vc_col-sm-12 vc_col-md-6 col-xs-mobile-fullwidth" data-front-class="col-xs-mobile-fullwidth"><div class="vc-column-innner-wrapper">[vc_gallery type="nivo" interval="3" images="19067,19068,19069,19070" img_size="full" css_animation="fadeInDown"]</div></div><div class="wpb_column hcode-column-container vc_col-sm-12 vc_col-md-12 col-xs-mobile-fullwidth" data-front-class="col-xs-mobile-fullwidth"><div class="vc-column-innner-wrapper"><div class=" wide-separator-line" style=" background:#e5e5e5;"></div></div></div><div class="wpb_column hcode-column-container vc_col-sm-12 vc_col-md-6 col-xs-mobile-fullwidth" data-front-class="col-xs-mobile-fullwidth"><div class="vc-column-innner-wrapper">[vc_gallery type="nivo" interval="3" images="19071,19072,19073,19074" img_size="full" css_animation="fadeInDown"]</div></div><div class="wpb_column hcode-column-container sm-margin-four-bottom vc_col-sm-12 vc_col-md-6 col-xs-mobile-fullwidth" data-front-class="sm-margin-four-bottom col-xs-mobile-fullwidth"><div class="vc-column-innner-wrapper"><div class="margin-six-top"><p class="title-large text-uppercase letter-spacing-1 font-weight-600 black-text hcode-font-setting-5ed12d1bf22a2" style="line-height: 71px; color: #85280f !important;">Lockers</p>
<p class="text-med">Para la seguridad y comodidad de nuestros visitantes, tenemos implementados lockers a su disposición.</p>
</div></div></div><div class="wpb_column hcode-column-container vc_col-sm-12 vc_col-md-12 col-xs-mobile-fullwidth" data-front-class="col-xs-mobile-fullwidth"><div class="vc-column-innner-wrapper"><div class=" wide-separator-line" style=" background:#ffffff;"></div></div></div></div></div></section>

<p>Alquiler de Ambientes El Monasterio de Santa Catalina cuenta con diferentes ambientes en los cuales se realizan los mas importantes eventos en la ciudad de Arequipa, estos ambientes se adaptan perfectamente para cualquier tipo de ocasión.En todos los ambientes se proporciona la logística adecuada al tipo de evento Más Informacíon Guiado Profesional El Monasterio de [&hellip;]</p>
